{"id":328,"date":"2022-11-01T17:38:03","date_gmt":"2022-11-01T17:38:03","guid":{"rendered":"https:\/\/www.pain2punkt0.de\/smartQ\/?page_id=328"},"modified":"2023-01-27T08:43:38","modified_gmt":"2023-01-27T08:43:38","slug":"patientinnen","status":"publish","type":"page","link":"https:\/\/www.pain2punkt0.de\/?page_id=328","title":{"rendered":"Patient*innen"},"content":{"rendered":"\t\t<div data-elementor-type=\"wp-page\" data-elementor-id=\"328\" class=\"elementor elementor-328\">\n\t\t\t\t\t\t<section class=\"elementor-section elementor-top-section elementor-element elementor-element-9c6d399 elementor-section-full_width elementor-section-height-default elementor-section-height-default\" data-id=\"9c6d399\" data-element_type=\"section\" data-e-type=\"section\">\n\t\t\t\t\t\t<div class=\"elementor-container elementor-column-gap-default\">\n\t\t\t\t\t<div class=\"elementor-column elementor-col-100 elementor-top-column elementor-element elementor-element-464bf0a\" data-id=\"464bf0a\" data-element_type=\"column\" data-e-type=\"column\">\n\t\t\t<div class=\"elementor-widget-wrap elementor-element-populated\">\n\t\t\t\t\t\t<div class=\"elementor-element elementor-element-b30d08e elementor-widget elementor-widget-heading\" data-id=\"b30d08e\" data-element_type=\"widget\" data-e-type=\"widget\" data-widget_type=\"heading.default\">\n\t\t\t\t<div class=\"elementor-widget-container\">\n\t\t\t\t\t<h2 class=\"elementor-heading-title elementor-size-default\"><span class=\"orange\">Liebe Patientin<\/span>, lieber Patient!<\/h2>\t\t\t\t<\/div>\n\t\t\t\t<\/div>\n\t\t\t\t<div class=\"elementor-element elementor-element-c76055c body_text elementor-widget elementor-widget-text-editor\" data-id=\"c76055c\" data-element_type=\"widget\" data-e-type=\"widget\" data-widget_type=\"text-editor.default\">\n\t\t\t\t<div class=\"elementor-widget-container\">\n\t\t\t\t\t\t\t\t\t<p>Sie leiden seit geraumer Zeit unter <span class=\"orange\">wiederkehrenden<\/span> Schmerzen?<br \/>Sie f\u00fchlen sich durch diese Schmerzen <span class=\"orange\">zunehmend<\/span> im Alltag <span class=\"orange\">beeintr\u00e4chtigt<\/span>?<br \/>Sie \u00fcberlegen bereits, sich deshalb <span class=\"orange\">Hilfe<\/span> oder <span class=\"orange\">eine \u00e4rztliche Untersuchung<\/span> zu<br \/>organisieren?<\/p><p>Dann m\u00f6chten wir Sie einladen, sich \u00fcber das Projekt <strong><span class=\"purple\">PAIN<\/span><span class=\"orange\">2.0<\/span><\/strong> informieren, das Betroffenen mit wiederkehrenden Schmerzen helfen m\u00f6chte, ihren Alltag weiterhin gut zu bew\u00e4ltigen.<\/p>\t\t\t\t\t\t\t\t<\/div>\n\t\t\t\t<\/div>\n\t\t\t\t<div class=\"elementor-element elementor-element-af8c8a9 elementor-widget elementor-widget-heading\" data-id=\"af8c8a9\" data-element_type=\"widget\" data-e-type=\"widget\" data-widget_type=\"heading.default\">\n\t\t\t\t<div class=\"elementor-widget-container\">\n\t\t\t\t\t<h2 class=\"elementor-heading-title elementor-size-default\">Was ist <span class=\"purple\">PAIN<\/span><span class=\"orange\">2.0<\/span>?<\/h2>\t\t\t\t<\/div>\n\t\t\t\t<\/div>\n\t\t\t\t<div class=\"elementor-element elementor-element-6275698 body_text elementor-widget elementor-widget-text-editor\" data-id=\"6275698\" data-element_type=\"widget\" data-e-type=\"widget\" data-widget_type=\"text-editor.default\">\n\t\t\t\t<div class=\"elementor-widget-container\">\n\t\t\t\t\t\t\t\t\t<p>Das Projekt <strong><span class=\"purple\">PAIN<\/span><span class=\"orange\">2.0<\/span><\/strong> ist ein gro\u00dfes, bundesweites Projekt, das durch den Innovationsfonds mit \u00f6ffentlichen Geldern gef\u00f6rdert wird (01NVF20023). Es wurde durch die Deutsche Schmerzgesellschaft e.V. in Zusammenarbeit mit der <span class=\"purple\">BARMER <\/span>und weiteren Partnern ins Leben gerufen und durchgef\u00fchrt.<br \/>Das Projektziel, die Verbesserung der Versorgung von Menschen mit wiederkehrenden Schmerzen zur Verhinderung einer Schmerzchronifizierung, wird durch ein unabh\u00e4ngiges Evaluationsinstitut untersucht.<\/p>\t\t\t\t\t\t\t\t<\/div>\n\t\t\t\t<\/div>\n\t\t\t\t<div class=\"elementor-element elementor-element-6662139 elementor-widget elementor-widget-heading\" data-id=\"6662139\" data-element_type=\"widget\" data-e-type=\"widget\" data-widget_type=\"heading.default\">\n\t\t\t\t<div class=\"elementor-widget-container\">\n\t\t\t\t\t<h2 class=\"elementor-heading-title elementor-size-default\">Was will <span class=\"purple\">PAIN<\/span><span class=\"orange\">2.0<\/span>?<\/h2>\t\t\t\t<\/div>\n\t\t\t\t<\/div>\n\t\t\t\t<div class=\"elementor-element elementor-element-16cae6e body_text elementor-widget elementor-widget-text-editor\" data-id=\"16cae6e\" data-element_type=\"widget\" data-e-type=\"widget\" data-widget_type=\"text-editor.default\">\n\t\t\t\t<div class=\"elementor-widget-container\">\n\t\t\t\t\t\t\t\t\t<p><strong><span class=\"purple\">PAIN<\/span><span class=\"orange\">2.0<\/span><\/strong> m\u00f6chte durch ein <span class=\"purple\"><strong>zehnw\u00f6chiges, ambulantes Therapieprogramm<\/strong><\/span> die Versorgung von Erwachsenen mit wiederkehrenden Schmerzen und einem Risiko f\u00fcr eine m\u00f6gliche Chronifizierung dieser Schmerzen verbessern. Dabei soll das Erleben von Selbstwirksamkeit und Kontrolle von Menschen gef\u00f6rdert werden, die sich bereits seit geraumer Zeit mit wiederkehrenden Schmerzen und damit einhergehender Beeintr\u00e4chtigung konfrontiert sehen.<br \/>Die Leistungsf\u00e4higkeit der Betroffenen, die sie im Alltag, im Beruf, der Familie und im sozialen Leben ben\u00f6tigen, soll mindestens erhalten, im besten Falle sogar verbessert werden.<\/p>\t\t\t\t\t\t\t\t<\/div>\n\t\t\t\t<\/div>\n\t\t\t\t<div class=\"elementor-element elementor-element-32cb94f elementor-widget elementor-widget-heading\" data-id=\"32cb94f\" data-element_type=\"widget\" data-e-type=\"widget\" data-widget_type=\"heading.default\">\n\t\t\t\t<div class=\"elementor-widget-container\">\n\t\t\t\t\t<h2 class=\"elementor-heading-title elementor-size-default\">An wen richtet sich <span class=\"purple\">PAIN<\/span><span class=\"orange\">2.0<\/span>?<\/h2>\t\t\t\t<\/div>\n\t\t\t\t<\/div>\n\t\t\t\t<div class=\"elementor-element elementor-element-30ee945 body_text elementor-widget elementor-widget-text-editor\" data-id=\"30ee945\" data-element_type=\"widget\" data-e-type=\"widget\" data-widget_type=\"text-editor.default\">\n\t\t\t\t<div class=\"elementor-widget-container\">\n\t\t\t\t\t\t\t\t\t<p><strong><span class=\"purple\">PAIN<\/span><span class=\"orange\">2.0 <\/span><\/strong>richtet sich an <span class=\"purple\"><strong>Menschen mit wiederkehrenden Schmerzen von mehr als<br \/><\/strong><strong>6 Wochen oder h\u00e4ufig wiederkehrenden Schmerzen, wenn sie<\/strong><\/span>:<\/p><ul><li>mindestens 18 Jahre sind,<\/li><li>sich in ihrer Lebensf\u00fchrung durch diese Schmerzen eingeschr\u00e4nkt f\u00fchlen und<\/li><li>ggf. bereits erste Anzeichen auf Risikofaktoren (wie negative Stimmung oder ausgepr\u00e4gte Sorgen vor der Zukunft) f\u00fcr eine Schmerzchronifizierung aufweisen.<\/li><\/ul><p>Wenn diese Faktoren erf\u00fcllt sind, kann <strong><span class=\"purple\">PAIN<\/span><span class=\"orange\">2.0 <\/span><\/strong> ein geeignetes Angebot f\u00fcr Sie sein.<\/p>\t\t\t\t\t\t\t\t<\/div>\n\t\t\t\t<\/div>\n\t\t\t\t<div class=\"elementor-element elementor-element-a8abd89 elementor-widget elementor-widget-heading\" data-id=\"a8abd89\" data-element_type=\"widget\" data-e-type=\"widget\" data-widget_type=\"heading.default\">\n\t\t\t\t<div class=\"elementor-widget-container\">\n\t\t\t\t\t<h2 class=\"elementor-heading-title elementor-size-default\">Was passiert in <span class=\"purple\">PAIN<\/span><span class=\"orange\">2.0<\/span>?<\/h2>\t\t\t\t<\/div>\n\t\t\t\t<\/div>\n\t\t\t\t<div class=\"elementor-element elementor-element-3a7cdee body_text elementor-widget elementor-widget-text-editor\" data-id=\"3a7cdee\" data-element_type=\"widget\" data-e-type=\"widget\" data-widget_type=\"text-editor.default\">\n\t\t\t\t<div class=\"elementor-widget-container\">\n\t\t\t\t\t\t\t\t\t<p>Neben dem Erlernen von schmerzreduzierenden Strategien, dem Vermitteln von Wissen zu Schmerz und m\u00f6glichen Risikofaktoren stehen aktive \u00dcbungen im Zentrum der Therapie.<br \/>Die Therapie wird nach aktuellem wissenschaftlichen Kenntnisstand durch <strong>ein Team <\/strong><strong>aus TherapeutInnen der Medizin, der Psychologie und der Physiotherapie in <\/strong><strong>enger Zusammenarbeit <\/strong>durchgef\u00fchrt.<br \/>Einen solchen Ansatz gibt es bereits f\u00fcr chronifizierte Schmerzen; f\u00fcr wiederkehrende Schmerzen ohne bereits bestehende Chronifizierung ist dieser Ansatz v\u00f6llig neu. <br \/>Er wird vorrangig in einer Gruppe durchgef\u00fchrt. Es werden erg\u00e4nzend aber auch Einzeltherapien durch die drei Berufsgruppen angeboten.<br \/>Das Besondere an diesem Ansatz ist die enge Zusammenarbeit der Behandelnden, die sich in regelm\u00e4\u00dfigen Besprechungen zum Fortschritt oder zu Anpassungen im Vorgehen gemeinsam einigen.<\/p>\t\t\t\t\t\t\t\t<\/div>\n\t\t\t\t<\/div>\n\t\t\t\t<div class=\"elementor-element elementor-element-a0798e1 elementor-widget elementor-widget-heading\" data-id=\"a0798e1\" data-element_type=\"widget\" data-e-type=\"widget\" data-widget_type=\"heading.default\">\n\t\t\t\t<div class=\"elementor-widget-container\">\n\t\t\t\t\t<h2 class=\"elementor-heading-title elementor-size-default\">Wie ist der <span class=\"orange\">Ablauf des Projekts<\/span>?<\/h2>\t\t\t\t<\/div>\n\t\t\t\t<\/div>\n\t\t\t\t<div class=\"elementor-element elementor-element-a491fa5 body_text elementor-widget elementor-widget-text-editor\" data-id=\"a491fa5\" data-element_type=\"widget\" data-e-type=\"widget\" data-widget_type=\"text-editor.default\">\n\t\t\t\t<div class=\"elementor-widget-container\">\n\t\t\t\t\t\t\t\t\t<p>Im Projekt wird eine <strong>neue Form der ambulanten Gruppentherapie<\/strong> in zwei Gruppen untersucht. Welcher der beiden Gruppen Sie zugewiesen werden, wird <strong>per <\/strong><strong>Zufallsprinzip<\/strong> (quasi wie ein Losverfahren) entschieden. Sie erhalten aber auf jeden Fall die Gruppentherapie!<br \/>Wie sich diese Gruppentherapie bew\u00e4hrt, wird die Datenauswertung nach 2 Jahren ergeben.<\/p>\t\t\t\t\t\t\t\t<\/div>\n\t\t\t\t<\/div>\n\t\t\t\t<div class=\"elementor-element elementor-element-345e95a elementor-widget elementor-widget-image\" data-id=\"345e95a\" data-element_type=\"widget\" data-e-type=\"widget\" data-widget_type=\"image.default\">\n\t\t\t\t<div class=\"elementor-widget-container\">\n\t\t\t\t\t\t\t\t\t\t\t\t\t\t\t<img fetchpriority=\"high\" decoding=\"async\" width=\"512\" height=\"1024\" src=\"https:\/\/www.pain2punkt0.de\/wp-content\/uploads\/2023\/01\/Pain2.0_Grafik_Patienten_29122022_v1-512x1024.jpg\" class=\"attachment-large size-large wp-image-1430\" alt=\"\" srcset=\"https:\/\/www.pain2punkt0.de\/wp-content\/uploads\/2023\/01\/Pain2.0_Grafik_Patienten_29122022_v1-512x1024.jpg 512w, https:\/\/www.pain2punkt0.de\/wp-content\/uploads\/2023\/01\/Pain2.0_Grafik_Patienten_29122022_v1-150x300.jpg 150w, https:\/\/www.pain2punkt0.de\/wp-content\/uploads\/2023\/01\/Pain2.0_Grafik_Patienten_29122022_v1.jpg 595w\" sizes=\"(max-width: 512px) 100vw, 512px\" \/>\t\t\t\t\t\t\t\t\t\t\t\t\t\t\t<\/div>\n\t\t\t\t<\/div>\n\t\t\t\t<div class=\"elementor-element elementor-element-0061252 elementor-widget elementor-widget-heading\" data-id=\"0061252\" data-element_type=\"widget\" data-e-type=\"widget\" data-widget_type=\"heading.default\">\n\t\t\t\t<div class=\"elementor-widget-container\">\n\t\t\t\t\t<h2 class=\"elementor-heading-title elementor-size-default\">Ihre Vorteile bei Teilnahme an <span class=\"purple\">PAIN<\/span><span class=\"orange\">2.0<\/span>?<\/h2>\t\t\t\t<\/div>\n\t\t\t\t<\/div>\n\t\t\t\t<div class=\"elementor-element elementor-element-1923cda body_text elementor-widget elementor-widget-text-editor\" data-id=\"1923cda\" data-element_type=\"widget\" data-e-type=\"widget\" data-widget_type=\"text-editor.default\">\n\t\t\t\t<div class=\"elementor-widget-container\">\n\t\t\t\t\t\t\t\t\t<p><strong>Sie profitieren von einer neu entwickelten Gruppentherapie auf h\u00f6chstem <\/strong><strong>medizinisch-wissenschaftlichen Niveau \u2026<\/strong><br \/>\u2026 mit dem Ziel, Ihre Leistungsf\u00e4higkeit im Alltag, im Beruf, in der Familie oder im sozialen Leben zu erhalten, im besten Falle sogar zu verbessern.<br \/>\u2026 zu einem m\u00f6glichst fr\u00fchen Zeitpunkt.<br \/>\u2026 in einer Form, die es bisher f\u00fcr PatientInnen wie Sie noch nicht gibt.<\/p><p><strong>Die Versorgung mit einer neuen Leistung des Gesundheitswesens \u2026<\/strong><br \/>\u2026 durch eine aufeinander abgestimmte zehnw\u00f6chige berufsbegleitende, ambulante Gruppentherapie.<br \/>\u2026 durch eine kontinuierliche enge Zusammenarbeit durch TherapeutInnen aus Medizin, Physiotherapie und Psychologie.<br \/>\u2026 zur Vermeidung unn\u00f6tiger Behandlungen.<\/p><p><strong>Sie gestalten Ihre Therapie und die Zukunft der<\/strong> <strong>Schmerztherapie mit \u2026<\/strong><br \/>\u2026 indem Sie durch Ihre Teilnahme am Gruppentherapie zeigen, ob das Konzept f\u00fcr Sie und andere Betroffene ausreichend hilfreich ist.<br \/>\u2026 indem Ihre R\u00fcckmeldungen und Erfahrungen in die Verbesserung der Schmerztherapie einflie\u00dfen.<\/p>\t\t\t\t\t\t\t\t<\/div>\n\t\t\t\t<\/div>\n\t\t\t\t<div class=\"elementor-element elementor-element-c78379c body_text elementor-widget elementor-widget-text-editor\" data-id=\"c78379c\" data-element_type=\"widget\" data-e-type=\"widget\" data-widget_type=\"text-editor.default\">\n\t\t\t\t<div class=\"elementor-widget-container\">\n\t\t\t\t\t\t\t\t\t<p><span style=\"font-weight: 400;\">Wenn Sie <\/span><b>Interesse an einer Teilnahme<\/b><span style=\"font-weight: 400;\"> an <strong><span class=\"purple\">PAIN<\/span><span class=\"orange\">2.0<\/span><\/strong><\/span><span style=\"font-weight: 400;\">\u00a0haben, dann k\u00f6nnen Sie \u2026<\/span><\/p><p><span style=\"font-weight: 400;\">\u2026 direkt Kontakt mit einem in Ihrer N\u00e4he liegenden <strong><span class=\"purple\">PAIN<\/span><span class=\"orange\">2.0<\/span><\/strong><\/span><span style=\"font-weight: 400;\">-Zentrum<\/span><span style=\"font-weight: 400;\"> aufnehmen.<\/span><\/p><p><span style=\"font-weight: 400;\">\u2026 <\/span><span style=\"font-weight: 400;\">hier<\/span><span style=\"font-weight: 400;\"> direkt pr\u00fcfen, ob <strong><span class=\"purple\">PAIN<\/span><span class=\"orange\">2.0<\/span><\/strong> ein geeignetes Angebot f\u00fcr Sie sein k\u00f6nnte.<\/span><\/p><p><span style=\"font-weight: 400;\">Laden Sie sich <\/span><span style=\"font-weight: 400;\">hier<\/span><span style=\"font-weight: 400;\"> den Flyer f\u00fcr Patientinnen und Patienten herunter, er stellt Ihnen die wichtigsten Informationen zu <strong><span class=\"purple\">PAIN<\/span><span class=\"orange\">2.0<\/span><\/strong> zusammen.<\/span><\/p>\t\t\t\t\t\t\t\t<\/div>\n\t\t\t\t<\/div>\n\t\t\t\t<div class=\"elementor-element elementor-element-ccbad7e elementor-widget elementor-widget-heading\" data-id=\"ccbad7e\" data-element_type=\"widget\" data-e-type=\"widget\" data-widget_type=\"heading.default\">\n\t\t\t\t<div class=\"elementor-widget-container\">\n\t\t\t\t\t<h2 class=\"elementor-heading-title elementor-size-default\"><span class=\"purple\">Eine Teilnahme an PAIN<\/span><span class=\"orange\">2.0<\/span> <span class=\"purple\">ist<\/span> <span class=\"orange\">m\u00f6glich<\/span><span class=\"purple\">, wenn..<\/span><\/h2>\t\t\t\t<\/div>\n\t\t\t\t<\/div>\n\t\t\t\t<div class=\"elementor-element elementor-element-4256b1c elementor-widget elementor-widget-heading\" data-id=\"4256b1c\" data-element_type=\"widget\" data-e-type=\"widget\" data-widget_type=\"heading.default\">\n\t\t\t\t<div class=\"elementor-widget-container\">\n\t\t\t\t\t<div class=\"elementor-heading-title elementor-size-default\">1. \u2026 Sie mindestens 18 Jahre alt sind.<\/div>\t\t\t\t<\/div>\n\t\t\t\t<\/div>\n\t\t\t\t<div class=\"elementor-element elementor-element-f114bc9 quizz-box elementor-widget elementor-widget-text-editor\" data-id=\"f114bc9\" data-element_type=\"widget\" data-e-type=\"widget\" data-widget_type=\"text-editor.default\">\n\t\t\t\t<div class=\"elementor-widget-container\">\n\t\t\t\t\t\t\t\t\t<button class=\"question1 btn1 elementor-button-link elementor-button elementor-size-md\" data-value=\"1\">Trifft zu<\/button>\n<button class=\"question1 btn2 elementor-button-link elementor-button elementor-size-md\" data-value=\"2\">Trifft nicht zu<\/button>\t\t\t\t\t\t\t\t<\/div>\n\t\t\t\t<\/div>\n\t\t\t\t<div class=\"elementor-element elementor-element-27b28c0 elementor-widget elementor-widget-heading\" data-id=\"27b28c0\" data-element_type=\"widget\" data-e-type=\"widget\" data-widget_type=\"heading.default\">\n\t\t\t\t<div class=\"elementor-widget-container\">\n\t\t\t\t\t<div class=\"elementor-heading-title elementor-size-default\">2.\u2026 Sie unter wiederkehrenden Schmerzen von mehr als 6 Wochen oder h\u00e4ufig wiederkehrenden Schmerzen leiden.<\/div>\t\t\t\t<\/div>\n\t\t\t\t<\/div>\n\t\t\t\t<div class=\"elementor-element elementor-element-cc095bb quizz-box elementor-widget elementor-widget-text-editor\" data-id=\"cc095bb\" data-element_type=\"widget\" data-e-type=\"widget\" data-widget_type=\"text-editor.default\">\n\t\t\t\t<div class=\"elementor-widget-container\">\n\t\t\t\t\t\t\t\t\t<button class=\"question2 btn1 elementor-button-link elementor-button elementor-size-md\" data-value=\"1\">Trifft zu<\/button>\n<button class=\"question2 btn2 elementor-button-link elementor-button elementor-size-md\" data-value=\"2\">Trifft nicht zu<\/button>\t\t\t\t\t\t\t\t<\/div>\n\t\t\t\t<\/div>\n\t\t\t\t<div class=\"elementor-element elementor-element-87aed6c elementor-widget elementor-widget-heading\" data-id=\"87aed6c\" data-element_type=\"widget\" data-e-type=\"widget\" data-widget_type=\"heading.default\">\n\t\t\t\t<div class=\"elementor-widget-container\">\n\t\t\t\t\t<div class=\"elementor-heading-title elementor-size-default\">3. \u2026 Sie sich in Ihrer Lebensf\u00fchrung durch diese Schmerzen eingeschr\u00e4nkt f\u00fchlen.<\/div>\t\t\t\t<\/div>\n\t\t\t\t<\/div>\n\t\t\t\t<div class=\"elementor-element elementor-element-2edd3e4 quizz-box elementor-widget elementor-widget-text-editor\" data-id=\"2edd3e4\" data-element_type=\"widget\" data-e-type=\"widget\" data-widget_type=\"text-editor.default\">\n\t\t\t\t<div class=\"elementor-widget-container\">\n\t\t\t\t\t\t\t\t\t<button class=\"question3 btn1 elementor-button-link elementor-button elementor-size-md\" data-value=\"1\">Trifft zu<\/button>\n<button class=\"question3 btn2 elementor-button-link elementor-button elementor-size-md\" data-value=\"2\">Trifft nicht zu<\/button>\t\t\t\t\t\t\t\t<\/div>\n\t\t\t\t<\/div>\n\t\t\t\t\t<\/div>\n\t\t<\/div>\n\t\t\t\t\t<\/div>\n\t\t<\/section>\n\t\t\t\t<\/div>\n\t\t","protected":false},"excerpt":{"rendered":"<p>Liebe Patientin, lieber Patient! Sie leiden seit geraumer Zeit unter wiederkehrenden Schmerzen?Sie f\u00fchlen sich durch diese Schmerzen zunehmend im Alltag beeintr\u00e4chtigt?Sie \u00fcberlegen bereits, sich deshalb Hilfe oder eine \u00e4rztliche Untersuchung zuorganisieren? Dann m\u00f6chten wir Sie einladen, sich \u00fcber das Projekt PAIN2.0 informieren, das Betroffenen mit wiederkehrenden Schmerzen helfen m\u00f6chte, ihren Alltag weiterhin gut zu bew\u00e4ltigen. [&hellip;]<\/p>\n","protected":false},"author":1,"featured_media":0,"parent":0,"menu_order":0,"comment_status":"closed","ping_status":"closed","template":"","meta":{"footnotes":""},"class_list":["post-328","page","type-page","status-publish","hentry"],"_links":{"self":[{"href":"https:\/\/www.pain2punkt0.de\/index.php?rest_route=\/wp\/v2\/pages\/328","targetHints":{"allow":["GET"]}}],"collection":[{"href":"https:\/\/www.pain2punkt0.de\/index.php?rest_route=\/wp\/v2\/pages"}],"about":[{"href":"https:\/\/www.pain2punkt0.de\/index.php?rest_route=\/wp\/v2\/types\/page"}],"author":[{"embeddable":true,"href":"https:\/\/www.pain2punkt0.de\/index.php?rest_route=\/wp\/v2\/users\/1"}],"replies":[{"embeddable":true,"href":"https:\/\/www.pain2punkt0.de\/index.php?rest_route=%2Fwp%2Fv2%2Fcomments&post=328"}],"version-history":[{"count":0,"href":"https:\/\/www.pain2punkt0.de\/index.php?rest_route=\/wp\/v2\/pages\/328\/revisions"}],"wp:attachment":[{"href":"https:\/\/www.pain2punkt0.de\/index.php?rest_route=%2Fwp%2Fv2%2Fmedia&parent=328"}],"curies":[{"name":"wp","href":"https:\/\/api.w.org\/{rel}","templated":true}]}}