{"id":318,"date":"2022-11-01T17:21:56","date_gmt":"2022-11-01T17:21:56","guid":{"rendered":"https:\/\/www.pain2punkt0.de\/smartQ\/?page_id=318"},"modified":"2022-11-09T17:44:11","modified_gmt":"2022-11-09T17:44:11","slug":"veroffentlichungen","status":"publish","type":"page","link":"https:\/\/www.pain2punkt0.de\/?page_id=318","title":{"rendered":"Ver\u00f6ffentlichungen"},"content":{"rendered":"\t\t<div data-elementor-type=\"wp-page\" data-elementor-id=\"318\" class=\"elementor elementor-318\">\n\t\t\t\t\t\t<section class=\"elementor-section elementor-top-section elementor-element elementor-element-67d50ac elementor-section-full_width elementor-section-height-default elementor-section-height-default\" data-id=\"67d50ac\" data-element_type=\"section\" data-e-type=\"section\">\n\t\t\t\t\t\t<div class=\"elementor-container elementor-column-gap-default\">\n\t\t\t\t\t<div class=\"elementor-column elementor-col-100 elementor-top-column elementor-element elementor-element-358f6fd\" data-id=\"358f6fd\" data-element_type=\"column\" data-e-type=\"column\">\n\t\t\t<div class=\"elementor-widget-wrap elementor-element-populated\">\n\t\t\t\t\t\t<div class=\"elementor-element elementor-element-496e594 elementor-widget elementor-widget-heading\" data-id=\"496e594\" data-element_type=\"widget\" data-e-type=\"widget\" data-widget_type=\"heading.default\">\n\t\t\t\t<div class=\"elementor-widget-container\">\n\t\t\t\t\t<div class=\"elementor-heading-title elementor-size-default\">\u00dcbersichtsartikel zur Pr\u00e4vention chronischer Schmerzen<\/div>\t\t\t\t<\/div>\n\t\t\t\t<\/div>\n\t\t\t\t<div class=\"elementor-element elementor-element-629003a body_text elementor-widget elementor-widget-text-editor\" data-id=\"629003a\" data-element_type=\"widget\" data-e-type=\"widget\" data-widget_type=\"text-editor.default\">\n\t\t\t\t<div class=\"elementor-widget-container\">\n\t\t\t\t\t\t\t\t\t<p>Kaiser et al. (2021): Vermeidung chronischer Schmerzen in der deutschen<br \/>Gesundheitsversorgung \u2013 Derzeitiger Stand und Ausblick<\/p>\t\t\t\t\t\t\t\t<\/div>\n\t\t\t\t<\/div>\n\t\t\t\t<div class=\"elementor-element elementor-element-431d384 elementor-widget elementor-widget-heading\" data-id=\"431d384\" data-element_type=\"widget\" data-e-type=\"widget\" data-widget_type=\"heading.default\">\n\t\t\t\t<div class=\"elementor-widget-container\">\n\t\t\t\t\t<div class=\"elementor-heading-title elementor-size-default\">Beitr\u00e4ge aus PAIN2020 mit Inhalten zu den Therapiemodulen<\/div>\t\t\t\t<\/div>\n\t\t\t\t<\/div>\n\t\t\t\t<div class=\"elementor-element elementor-element-bff0622 body_text elementor-widget elementor-widget-text-editor\" data-id=\"bff0622\" data-element_type=\"widget\" data-e-type=\"widget\" data-widget_type=\"text-editor.default\">\n\t\t\t\t<div class=\"elementor-widget-container\">\n\t\t\t\t\t\t\t\t\t<p>Kaiser et al. (2021): Evaluation eines fr\u00fchen interdisziplin\u00e4ren multimodalen<br \/>Assessments f\u00fcr Patienten mit Schmerzen \u2013 Protokoll einer randomisierten<br \/>kontrollierten Studie (PAIN2020)<\/p>\t\t\t\t\t\t\t\t<\/div>\n\t\t\t\t<\/div>\n\t\t\t\t<div class=\"elementor-element elementor-element-5f76172 body_text elementor-widget elementor-widget-text-editor\" data-id=\"5f76172\" data-element_type=\"widget\" data-e-type=\"widget\" data-widget_type=\"text-editor.default\">\n\t\t\t\t<div class=\"elementor-widget-container\">\n\t\t\t\t\t\t\t\t\t<p><span class=\"purple\"><strong>Beitr\u00e4ge in Fachzeitschriften zur A-IMST<\/strong><\/span> (ambulante interdisziplin\u00e4re multimodale<br \/>Schmerztherapie) <span class=\"purple\"><strong>in PAIN2.0<\/strong><\/span><\/p><p>Prei\u00dfler et al. (2022): PAIN2020 geht in die Gruppenphase<\/p>\t\t\t\t\t\t\t\t<\/div>\n\t\t\t\t<\/div>\n\t\t\t\t<div class=\"elementor-element elementor-element-86462fd elementor-widget elementor-widget-heading\" data-id=\"86462fd\" data-element_type=\"widget\" data-e-type=\"widget\" data-widget_type=\"heading.default\">\n\t\t\t\t<div class=\"elementor-widget-container\">\n\t\t\t\t\t<div class=\"elementor-heading-title elementor-size-default\">Deutscher Schmerzkongress 2018-2021: Ver\u00f6ffentlichungen aus PAIN2020 mit Schwerpunkt auf die Therapiemodule E-\/B-IMST<\/div>\t\t\t\t<\/div>\n\t\t\t\t<\/div>\n\t\t\t\t<div class=\"elementor-element elementor-element-5b2076b body_text elementor-widget elementor-widget-text-editor\" data-id=\"5b2076b\" data-element_type=\"widget\" data-e-type=\"widget\" data-widget_type=\"text-editor.default\">\n\t\t\t\t<div class=\"elementor-widget-container\">\n\t\t\t\t\t\t\t\t\t<p>G\u00e4rtner et al. (2018): Die Entwicklung (zweier) ambulanter gruppentherapeutischer interdisziplin\u00e4rer Therapiemodule in der Behandlung von Patienten mit Schmerzen und Chronifizierungsrisiko<\/p><p>Prei\u00dfler et al. (2019): Ambulante gruppentherapeutische interdisziplin\u00e4re<br \/>Therapiemodule in PAIN2020 \u2013 Monitoringkonzepte<\/p><p>Prei\u00dfler et al. (2020): Ambulante interdisziplin\u00e4re Gruppentherapiemodule f\u00fcr<br \/>Patienten mit Schmerzen und Chronifizierungsrisiko \u2013 Darstellung eines Entwicklungsprozesses<\/p><p>G\u00e4rtner et al. (2021): Ambulante gruppentherapeutische interdisziplin\u00e4re Therapiemodule in der Behandlung von Patienten mit Schmerzen und<br \/>Chronifizierungsrisiko \u2013 eine umfassende Darstellung eines Entwicklungs- und Anpassungsprozesses<\/p>\t\t\t\t\t\t\t\t<\/div>\n\t\t\t\t<\/div>\n\t\t\t\t\t<\/div>\n\t\t<\/div>\n\t\t\t\t\t<\/div>\n\t\t<\/section>\n\t\t\t\t<section class=\"elementor-section elementor-top-section elementor-element elementor-element-220d504 elementor-section-full_width elementor-hidden-desktop elementor-hidden-tablet elementor-hidden-mobile elementor-section-height-default elementor-section-height-default\" data-id=\"220d504\" data-element_type=\"section\" data-e-type=\"section\">\n\t\t\t\t\t\t<div class=\"elementor-container elementor-column-gap-default\">\n\t\t\t\t\t<div class=\"elementor-column elementor-col-100 elementor-top-column elementor-element elementor-element-7a0cac6\" data-id=\"7a0cac6\" data-element_type=\"column\" data-e-type=\"column\">\n\t\t\t<div class=\"elementor-widget-wrap elementor-element-populated\">\n\t\t\t\t\t\t<div class=\"elementor-element elementor-element-7be9c24 elementor-widget elementor-widget-text-editor\" data-id=\"7be9c24\" data-element_type=\"widget\" data-e-type=\"widget\" data-widget_type=\"text-editor.default\">\n\t\t\t\t<div class=\"elementor-widget-container\">\n\t\t\t\t\t\t\t\t\t<p><span class=\"purple\"><strong>\u00dcbersichtsartikel zur Pr\u00e4vention chronischer Schmerzen<\/strong><\/span><\/p><p>Kaiser et al. (2021): Vermeidung chronischer Schmerzen in der deutschen<br \/>Gesundheitsversorgung \u2013 Derzeitiger Stand und Ausblick<\/p><p><span class=\"purple\"><strong>Beitr\u00e4ge aus PAIN2020 mit Inhalten zu den Therapiemodulen<\/strong><\/span><\/p><p>Kaiser et al. (2021): Evaluation eines fr\u00fchen interdisziplin\u00e4ren multimodalen<br \/>Assessments f\u00fcr Patienten mit Schmerzen \u2013 Protokoll einer randomisierten<br \/>kontrollierten Studie (PAIN2020)<\/p><p><span class=\"purple\"><strong>Beitr\u00e4ge in Fachzeitschriften zur A-IMST<\/strong><\/span> (ambulante interdisziplin\u00e4re multimodale<br \/>Schmerztherapie) <span class=\"purple\"><strong>in PAIN2.0<\/strong><\/span><\/p><p>Prei\u00dfler et al. (2022): PAIN2020 geht in die Gruppenphase<\/p><p><span class=\"purple\"><strong>Deutscher Schmerzkongress 2018-2021: Ver\u00f6ffentlichungen aus PAIN2020 mit <\/strong><\/span><span class=\"purple\"><strong>Schwerpunkt auf die Therapiemodule E-\/B-IMST<br \/><\/strong><\/span><br \/>G\u00e4rtner et al. (2018): Die Entwicklung (zweier) ambulanter gruppentherapeutischer interdisziplin\u00e4rer Therapiemodule in der Behandlung von Patienten mit Schmerzen und Chronifizierungsrisiko<\/p><p>Prei\u00dfler et al. (2019): Ambulante gruppentherapeutische interdisziplin\u00e4re<br \/>Therapiemodule in PAIN2020 \u2013 Monitoringkonzepte<\/p><p>Prei\u00dfler et al. (2020): Ambulante interdisziplin\u00e4re Gruppentherapiemodule f\u00fcr<br \/>Patienten mit Schmerzen und Chronifizierungsrisiko \u2013 Darstellung eines Entwicklungsprozesses<\/p><p>G\u00e4rtner et al. (2021): Ambulante gruppentherapeutische interdisziplin\u00e4re Therapiemodule in der Behandlung von Patienten mit Schmerzen und<br \/>Chronifizierungsrisiko \u2013 eine umfassende Darstellung eines Entwicklungs- und Anpassungsprozesses<\/p>\t\t\t\t\t\t\t\t<\/div>\n\t\t\t\t<\/div>\n\t\t\t\t\t<\/div>\n\t\t<\/div>\n\t\t\t\t\t<\/div>\n\t\t<\/section>\n\t\t\t\t<\/div>\n\t\t","protected":false},"excerpt":{"rendered":"<p>\u00dcbersichtsartikel zur Pr\u00e4vention chronischer Schmerzen Kaiser et al. (2021): Vermeidung chronischer Schmerzen in der deutschenGesundheitsversorgung \u2013 Derzeitiger Stand und Ausblick Beitr\u00e4ge aus PAIN2020 mit Inhalten zu den Therapiemodulen Kaiser et al. (2021): Evaluation eines fr\u00fchen interdisziplin\u00e4ren multimodalenAssessments f\u00fcr Patienten mit Schmerzen \u2013 Protokoll einer randomisiertenkontrollierten Studie (PAIN2020) Beitr\u00e4ge in Fachzeitschriften zur A-IMST (ambulante interdisziplin\u00e4re multimodaleSchmerztherapie) [&hellip;]<\/p>\n","protected":false},"author":1,"featured_media":0,"parent":0,"menu_order":0,"comment_status":"closed","ping_status":"closed","template":"","meta":{"footnotes":""},"class_list":["post-318","page","type-page","status-publish","hentry"],"_links":{"self":[{"href":"https:\/\/www.pain2punkt0.de\/index.php?rest_route=\/wp\/v2\/pages\/318","targetHints":{"allow":["GET"]}}],"collection":[{"href":"https:\/\/www.pain2punkt0.de\/index.php?rest_route=\/wp\/v2\/pages"}],"about":[{"href":"https:\/\/www.pain2punkt0.de\/index.php?rest_route=\/wp\/v2\/types\/page"}],"author":[{"embeddable":true,"href":"https:\/\/www.pain2punkt0.de\/index.php?rest_route=\/wp\/v2\/users\/1"}],"replies":[{"embeddable":true,"href":"https:\/\/www.pain2punkt0.de\/index.php?rest_route=%2Fwp%2Fv2%2Fcomments&post=318"}],"version-history":[{"count":0,"href":"https:\/\/www.pain2punkt0.de\/index.php?rest_route=\/wp\/v2\/pages\/318\/revisions"}],"wp:attachment":[{"href":"https:\/\/www.pain2punkt0.de\/index.php?rest_route=%2Fwp%2Fv2%2Fmedia&parent=318"}],"curies":[{"name":"wp","href":"https:\/\/api.w.org\/{rel}","templated":true}]}}

Veröffentlichungen

<div data-elementor-type="wp-page" data-elementor-id="318" class="elementor elementor-318">
						<section class="elementor-section elementor-top-section elementor-element elementor-element-67d50ac elementor-section-full_width elementor-section-height-default elementor-section-height-default" data-id="67d50ac" data-element_type="section" data-e-type="section">
						<div class="elementor-container elementor-column-gap-default">
					<div class="elementor-column elementor-col-100 elementor-top-column elementor-element elementor-element-358f6fd" data-id="358f6fd" data-element_type="column" data-e-type="column">
			<div class="elementor-widget-wrap elementor-element-populated">
						<div class="elementor-element elementor-element-496e594 elementor-widget elementor-widget-heading" data-id="496e594" data-element_type="widget" data-e-type="widget" data-widget_type="heading.default">
				<div class="elementor-widget-container">
					<div class="elementor-heading-title elementor-size-default">Übersichtsartikel zur Prävention chronischer Schmerzen</div>				</div>
				</div>
				<div class="elementor-element elementor-element-629003a body_text elementor-widget elementor-widget-text-editor" data-id="629003a" data-element_type="widget" data-e-type="widget" data-widget_type="text-editor.default">
				<div class="elementor-widget-container">
									<p>Kaiser et al. (2021): Vermeidung chronischer Schmerzen in der deutschen<br />Gesundheitsversorgung – Derzeitiger Stand und Ausblick</p>								</div>
				</div>
				<div class="elementor-element elementor-element-431d384 elementor-widget elementor-widget-heading" data-id="431d384" data-element_type="widget" data-e-type="widget" data-widget_type="heading.default">
				<div class="elementor-widget-container">
					<div class="elementor-heading-title elementor-size-default">Beiträge aus PAIN2020 mit Inhalten zu den Therapiemodulen</div>				</div>
				</div>
				<div class="elementor-element elementor-element-bff0622 body_text elementor-widget elementor-widget-text-editor" data-id="bff0622" data-element_type="widget" data-e-type="widget" data-widget_type="text-editor.default">
				<div class="elementor-widget-container">
									<p>Kaiser et al. (2021): Evaluation eines frühen interdisziplinären multimodalen<br />Assessments für Patienten mit Schmerzen – Protokoll einer randomisierten<br />kontrollierten Studie (PAIN2020)</p>								</div>
				</div>
				<div class="elementor-element elementor-element-5f76172 body_text elementor-widget elementor-widget-text-editor" data-id="5f76172" data-element_type="widget" data-e-type="widget" data-widget_type="text-editor.default">
				<div class="elementor-widget-container">
									<p><span class="purple"><strong>Beiträge in Fachzeitschriften zur A-IMST</strong></span> (ambulante interdisziplinäre multimodale<br />Schmerztherapie) <span class="purple"><strong>in PAIN2.0</strong></span></p><p>Preißler et al. (2022): PAIN2020 geht in die Gruppenphase</p>								</div>
				</div>
				<div class="elementor-element elementor-element-86462fd elementor-widget elementor-widget-heading" data-id="86462fd" data-element_type="widget" data-e-type="widget" data-widget_type="heading.default">
				<div class="elementor-widget-container">
					<div class="elementor-heading-title elementor-size-default">Deutscher Schmerzkongress 2018-2021: Veröffentlichungen aus PAIN2020 mit Schwerpunkt auf die Therapiemodule E-/B-IMST</div>				</div>
				</div>
				<div class="elementor-element elementor-element-5b2076b body_text elementor-widget elementor-widget-text-editor" data-id="5b2076b" data-element_type="widget" data-e-type="widget" data-widget_type="text-editor.default">
				<div class="elementor-widget-container">
									<p>Gärtner et al. (2018): Die Entwicklung (zweier) ambulanter gruppentherapeutischer interdisziplinärer Therapiemodule in der Behandlung von Patienten mit Schmerzen und Chronifizierungsrisiko</p><p>Preißler et al. (2019): Ambulante gruppentherapeutische interdisziplinäre<br />Therapiemodule in PAIN2020 – Monitoringkonzepte</p><p>Preißler et al. (2020): Ambulante interdisziplinäre Gruppentherapiemodule für<br />Patienten mit Schmerzen und Chronifizierungsrisiko – Darstellung eines Entwicklungsprozesses</p><p>Gärtner et al. (2021): Ambulante gruppentherapeutische interdisziplinäre Therapiemodule in der Behandlung von Patienten mit Schmerzen und<br />Chronifizierungsrisiko – eine umfassende Darstellung eines Entwicklungs- und Anpassungsprozesses</p>								</div>
				</div>
					</div>
		</div>
					</div>
		</section>
				<section class="elementor-section elementor-top-section elementor-element elementor-element-220d504 elementor-section-full_width elementor-hidden-desktop elementor-hidden-tablet elementor-hidden-mobile elementor-section-height-default elementor-section-height-default" data-id="220d504" data-element_type="section" data-e-type="section">
						<div class="elementor-container elementor-column-gap-default">
					<div class="elementor-column elementor-col-100 elementor-top-column elementor-element elementor-element-7a0cac6" data-id="7a0cac6" data-element_type="column" data-e-type="column">
			<div class="elementor-widget-wrap elementor-element-populated">
						<div class="elementor-element elementor-element-7be9c24 elementor-widget elementor-widget-text-editor" data-id="7be9c24" data-element_type="widget" data-e-type="widget" data-widget_type="text-editor.default">
				<div class="elementor-widget-container">
									<p><span class="purple"><strong>Übersichtsartikel zur Prävention chronischer Schmerzen</strong></span></p><p>Kaiser et al. (2021): Vermeidung chronischer Schmerzen in der deutschen<br />Gesundheitsversorgung – Derzeitiger Stand und Ausblick</p><p><span class="purple"><strong>Beiträge aus PAIN2020 mit Inhalten zu den Therapiemodulen</strong></span></p><p>Kaiser et al. (2021): Evaluation eines frühen interdisziplinären multimodalen<br />Assessments für Patienten mit Schmerzen – Protokoll einer randomisierten<br />kontrollierten Studie (PAIN2020)</p><p><span class="purple"><strong>Beiträge in Fachzeitschriften zur A-IMST</strong></span> (ambulante interdisziplinäre multimodale<br />Schmerztherapie) <span class="purple"><strong>in PAIN2.0</strong></span></p><p>Preißler et al. (2022): PAIN2020 geht in die Gruppenphase</p><p><span class="purple"><strong>Deutscher Schmerzkongress 2018-2021: Veröffentlichungen aus PAIN2020 mit </strong></span><span class="purple"><strong>Schwerpunkt auf die Therapiemodule E-/B-IMST<br /></strong></span><br />Gärtner et al. (2018): Die Entwicklung (zweier) ambulanter gruppentherapeutischer interdisziplinärer Therapiemodule in der Behandlung von Patienten mit Schmerzen und Chronifizierungsrisiko</p><p>Preißler et al. (2019): Ambulante gruppentherapeutische interdisziplinäre<br />Therapiemodule in PAIN2020 – Monitoringkonzepte</p><p>Preißler et al. (2020): Ambulante interdisziplinäre Gruppentherapiemodule für<br />Patienten mit Schmerzen und Chronifizierungsrisiko – Darstellung eines Entwicklungsprozesses</p><p>Gärtner et al. (2021): Ambulante gruppentherapeutische interdisziplinäre Therapiemodule in der Behandlung von Patienten mit Schmerzen und<br />Chronifizierungsrisiko – eine umfassende Darstellung eines Entwicklungs- und Anpassungsprozesses</p>								</div>
				</div>
					</div>
		</div>
					</div>
		</section>
				</div>

<p>Übersichtsartikel zur Prävention chronischer Schmerzen Kaiser et al. (2021): Vermeidung chronischer Schmerzen in der deutschenGesundheitsversorgung – Derzeitiger Stand und Ausblick Beiträge aus PAIN2020 mit Inhalten zu den Therapiemodulen Kaiser et al. (2021): Evaluation eines frühen interdisziplinären multimodalenAssessments für Patienten mit Schmerzen – Protokoll einer randomisiertenkontrollierten Studie (PAIN2020) Beiträge in Fachzeitschriften zur A-IMST (ambulante interdisziplinäre multimodaleSchmerztherapie) [&hellip;]</p>
