{"id":1024,"date":"2022-11-10T16:10:40","date_gmt":"2022-11-10T16:10:40","guid":{"rendered":"https:\/\/www.pain2punkt0.de\/smartQ\/?page_id=1024"},"modified":"2022-12-29T00:27:35","modified_gmt":"2022-12-29T00:27:35","slug":"ablauf-der-zuweisung","status":"publish","type":"page","link":"https:\/\/www.pain2punkt0.de\/?page_id=1024","title":{"rendered":"Ablauf der Zuweisung"},"content":{"rendered":"\t\t<div data-elementor-type=\"wp-page\" data-elementor-id=\"1024\" class=\"elementor elementor-1024\">\n\t\t\t\t\t\t<section class=\"elementor-section elementor-top-section elementor-element elementor-element-754a39b elementor-section-full_width elementor-section-height-default elementor-section-height-default\" data-id=\"754a39b\" data-element_type=\"section\" data-e-type=\"section\">\n\t\t\t\t\t\t<div class=\"elementor-container elementor-column-gap-default\">\n\t\t\t\t\t<div class=\"elementor-column elementor-col-100 elementor-top-column elementor-element elementor-element-6afa4ab\" data-id=\"6afa4ab\" data-element_type=\"column\" data-e-type=\"column\">\n\t\t\t<div class=\"elementor-widget-wrap elementor-element-populated\">\n\t\t\t\t\t\t<div class=\"elementor-element elementor-element-f151325 elementor-widget elementor-widget-heading\" data-id=\"f151325\" data-element_type=\"widget\" data-e-type=\"widget\" data-widget_type=\"heading.default\">\n\t\t\t\t<div class=\"elementor-widget-container\">\n\t\t\t\t\t<h2 class=\"elementor-heading-title elementor-size-default\">Auf den folgenden Unterseiten finden Sie Informationen\nzu:<\/h2>\t\t\t\t<\/div>\n\t\t\t\t<\/div>\n\t\t\t\t<div class=\"elementor-element elementor-element-b25f86c elementor-widget elementor-widget-text-editor\" data-id=\"b25f86c\" data-element_type=\"widget\" data-e-type=\"widget\" data-widget_type=\"text-editor.default\">\n\t\t\t\t<div class=\"elementor-widget-container\">\n\t\t\t\t\t\t\t\t\t<p><span style=\"font-weight: 400;\">Sie k\u00f6nnen PatientInnen <\/span><b>mit<\/b> <span style=\"font-weight: 400;\">oder<\/span> <b>ohne<\/b><span style=\"font-weight: 400;\"> Screening dem PAIN2.0-Zentrum zuweisen (s. Abbildung).<\/span><\/p><p><span style=\"font-weight: 400;\">In beiden F\u00e4llen h\u00e4ndigen Sie bitte alle relevanten Vorbefunde aus oder lassen Sie diese per Fax Ihrem PAIN2.0-Zentrum zukommen. Das PAIN2.0-Zentrum wird mit einer\/einem zugewiesenen Patientin\/Patienten zeitnah (in etwa 14 Tagen) einen Termin vereinbaren.\u00a0<\/span><\/p><p><span style=\"font-weight: 400;\">Nach Zuweisung ins Zentrum werden, sofern noch nicht geschehen, die Ein- und Ausschlusskriterien gepr\u00fcft. Die\/Der PatientIn wird ausf\u00fchrlich informiert, hinsichtlich ihrer\/seiner Gruppenteilnahme durch Schmerzmedizin, Physiotherapie und Psychologie gepr\u00fcft, und um ihre\/seine Einwilligung zur Teilnahme gebeten.<\/span><\/p><p><span style=\"font-weight: 400;\">Per Randomisierung erfolgt werden die PatientInnen der Interventions- oder Kontrollgruppe zugewiesen.<\/span><\/p>\t\t\t\t\t\t\t\t<\/div>\n\t\t\t\t<\/div>\n\t\t\t\t<div class=\"elementor-element elementor-element-33f6c3e elementor-widget elementor-widget-image\" data-id=\"33f6c3e\" data-element_type=\"widget\" data-e-type=\"widget\" data-widget_type=\"image.default\">\n\t\t\t\t<div class=\"elementor-widget-container\">\n\t\t\t\t\t\t\t\t\t\t\t\t<figure class=\"wp-caption\">\n\t\t\t\t\t\t\t\t\t\t<img fetchpriority=\"high\" decoding=\"async\" width=\"640\" height=\"398\" src=\"https:\/\/www.pain2punkt0.de\/wp-content\/uploads\/2022\/12\/Pain2punkt-Image.png\" class=\"attachment-large size-large wp-image-1425\" alt=\"\" srcset=\"https:\/\/www.pain2punkt0.de\/wp-content\/uploads\/2022\/12\/Pain2punkt-Image.png 914w, https:\/\/www.pain2punkt0.de\/wp-content\/uploads\/2022\/12\/Pain2punkt-Image-300x187.png 300w, https:\/\/www.pain2punkt0.de\/wp-content\/uploads\/2022\/12\/Pain2punkt-Image-768x478.png 768w\" sizes=\"(max-width: 640px) 100vw, 640px\" \/>\t\t\t\t\t\t\t\t\t\t\t<figcaption class=\"widget-image-caption wp-caption-text\">Zuweisung in PAIN2.0: mit oder ohne Screening<\/figcaption>\n\t\t\t\t\t\t\t\t\t\t<\/figure>\n\t\t\t\t\t\t\t\t\t<\/div>\n\t\t\t\t<\/div>\n\t\t\t\t\t<\/div>\n\t\t<\/div>\n\t\t\t\t\t<\/div>\n\t\t<\/section>\n\t\t\t\t<\/div>\n\t\t","protected":false},"excerpt":{"rendered":"<p>Auf den folgenden Unterseiten finden Sie Informationen zu: Sie k\u00f6nnen PatientInnen mit oder ohne Screening dem PAIN2.0-Zentrum zuweisen (s. Abbildung). In beiden F\u00e4llen h\u00e4ndigen Sie bitte alle relevanten Vorbefunde aus oder lassen Sie diese per Fax Ihrem PAIN2.0-Zentrum zukommen. Das PAIN2.0-Zentrum wird mit einer\/einem zugewiesenen Patientin\/Patienten zeitnah (in etwa 14 Tagen) einen Termin vereinbaren.\u00a0 Nach [&hellip;]<\/p>\n","protected":false},"author":1,"featured_media":0,"parent":0,"menu_order":0,"comment_status":"closed","ping_status":"closed","template":"","meta":{"footnotes":""},"class_list":["post-1024","page","type-page","status-publish","hentry"],"_links":{"self":[{"href":"https:\/\/www.pain2punkt0.de\/index.php?rest_route=\/wp\/v2\/pages\/1024","targetHints":{"allow":["GET"]}}],"collection":[{"href":"https:\/\/www.pain2punkt0.de\/index.php?rest_route=\/wp\/v2\/pages"}],"about":[{"href":"https:\/\/www.pain2punkt0.de\/index.php?rest_route=\/wp\/v2\/types\/page"}],"author":[{"embeddable":true,"href":"https:\/\/www.pain2punkt0.de\/index.php?rest_route=\/wp\/v2\/users\/1"}],"replies":[{"embeddable":true,"href":"https:\/\/www.pain2punkt0.de\/index.php?rest_route=%2Fwp%2Fv2%2Fcomments&post=1024"}],"version-history":[{"count":0,"href":"https:\/\/www.pain2punkt0.de\/index.php?rest_route=\/wp\/v2\/pages\/1024\/revisions"}],"wp:attachment":[{"href":"https:\/\/www.pain2punkt0.de\/index.php?rest_route=%2Fwp%2Fv2%2Fmedia&parent=1024"}],"curies":[{"name":"wp","href":"https:\/\/api.w.org\/{rel}","templated":true}]}}